) = o**3 + 2*o**2 + 6. Let g be x(-3). Give l(g).
18
Let l(h) = h + 1. Let v(s) = -2*s - 1. Let u(o) = 3*l(o) + 2*v(o). Calculate u(0).
1
Let l(q) = q**3 - 3*q**2 + q - 2. Let c(p) = 4*p**3 - p. Let g be c(1). Let f be l(g). Let o(v) = -6*v**2 + 2*v - 1. Give o(f).
-5
Let v be 6/(-2) - (12 + -11). Let b(p) = -p - 1. Determine b(v).
3
Let v(l) = l**2 + 9*l - 3. Let o be v(-9). Let y be -3 - 0 - (1 + o). Let k(g) be the second derivative of -5*g**4/12 + g**2/2 + 4*g. Calculate k(y).
-4
Let w(n) = n - 1. Let o be w(6). Let m(f) = f - 1. Determine m(o).
4
Let f(p) = 2*p**3 + 3 + 0*p**3 - 3 + 2*p**2 + 1. What is f(-2)?
-7
Let u(a) be the first derivative of a**7/840 - a**6/120 - a**5/40 + a**4/24 - a**3 - 3. Let j(w) be the third derivative of u(w). Calculate j(4).
5
Let h(x) = -x**2 - 1 - 10*x + 3*x - 3 + 11. Determine h(-7).
7
Let l(o) = o**3 + o**2 - 2. Suppose 4*b - b - 12 = 0. Suppose -18 = -b*h + 2*r, -2*h - 2*r = 3*h. What is l(h)?
10
Let x(p) = p**2 + 3*p - 4. Let t(h) = -h. Let u be t(-3). Let m be (10/8)/(u/(-12)). Give x(m).
6
Let l be (-140)/42*((-12)/(-5))/2. Let c(d) = d**2 + 2*d + 1. What is c(l)?
9
Let q = -4 - -6. Let z(c) = 3*c**2 + 6*c - c - q*c**2. Suppose -12 = 6*t + 18. What is z(t)?
0
Let k(j) be the first derivative of 4*j**3/3 + j**2/2 - j + 52. Suppose 0 = -4*o + 2 + 2. Determine k(o).
4
Let n(b) be the first derivative of b**5/60 - b**4/12 - b**3/3 + b**2 + 3. Let m(p) be the second derivative of n(p). Determine m(3).
1
Let d be (7 - 21)/7 + -3. Let c(w) = 13*w. Let t(n) = -7*n. Let b(p) = 6*c(p) + 11*t(p). Calculate b(d).
-5
Let a(y) = -2*y + 28. Let z be a(15). Let v(q) = -4*q + 0*q**3 + 0 - 2*q**3 - 3 - 3*q**2. What is v(z)?
9
Let z(q) be the second derivative of q**5/20 + q**4/12 - 5*q**3/6 - 3*q**2/2 - 6*q. Calculate z(-3).
-6
Let t(i) = i**3 + 6*i**2 + 4*i - 1. Suppose 0 = 4*r - 4*d + 4, 4*r - 4*d + d = -7. What is t(r)?
15
Let z(y) be the first derivative of y**4/4 - 2*y**3 - 7*y**2/2 - 10. Determine z(7).
0
Let x(y) be the third derivative of y**5/60 + y**4/12 + y**3/3 - y**2. Suppose 0 = 4*o + o - 15. Suppose 20 = -4*t, l + t + o = -4. Give x(l).
2
Let x(l) be the first derivative of 1/3*l**3 + 4*l + 5/2*l**2 + 4. Calculate x(-3).
-2
Let w(m) = 4*m**2 + 3*m - 6. Let a(n) = 7*n**2 + 6*n - 11. Let q(r) = -3*a(r) + 5*w(r). Calculate q(-3).
3
Let m(f) = -14*f**3 + 7*f**2 - 11*f + 8. Let z(x) = -1 + 4*x - x**3 - 2 - 2*x**2 + 6*x**3. Let g(v) = 4*m(v) + 11*z(v). Give g(6).
-1
Let z(h) = -2*h**3 - 2*h**2 + h. Let c be z(1). Let v(l) = 3 - 3*l + 3*l**2 + 0*l**3 - 2*l**2 + l**3. Give v(c).
-6
Suppose 2*m = 6*m - 44. Let y(k) = k - 4 + 0*k - 2*k + m. Determine y(6).
1
Let z(p) = -2*p + 6. Let a(i) = -3*i + 12. Let q(v) = 3*a(v) - 5*z(v). Calculate q(-6).
0
Let l = 5 + 0. Let p(n) = n**3 - 6*n**2 + 3*n + 6. Let z = -4 - -7. Let r(t) = 2*t**3 - 12*t**2 + 6*t + 12. Let o(b) = z*r(b) - 7*p(b). Determine o(l).
4
Let t(f) = -2*f + 1. Suppose 0 = -y - 3*y + s + 6, -2*s = 4*y - 12. Determine t(y).
-3
Let b(u) be the third derivative of 0 + 0*u + 5*u**2 - 1/12*u**4 + 1/3*u**3. Determine b(4).
-6
Let r(u) = -u**2 + 5*u - 5. Let o(j) = j**2 - 4*j + 1. Let p be o(3). Let m = p + 4. Suppose -m*s - 5*y = 0, 3*s + 5*y = 8*s - 35. What is r(s)?
-5
Suppose -2*l = 3*n + 1 + 4, 4*l = -2*n + 2. Let o(m) = -4*m**3 + 4*m**2 - 2*m. Calculate o(l).
-20
Let m(g) = g - 5. Let b(l) = -5*l - 3. Let a(i) = -3*i - 2. Let z(c) = -8*a(c) + 5*b(c). Suppose 7*k = 2*k - 15. Let t be z(k). Give m(t).
-1
Suppose 4*d = d - 3. Let p(q) = -4*q**2 + 1. Determine p(d).
-3
Let i(r) = 0 + 0*r**3 + 7*r**2 - r + r**3 + 0*r - 7. Calculate i(-7).
0
Let r(j) = -4*j**2 + j. Let k be -1*1 + -5 + 4. Calculate r(k).
-18
Let p(d) = d - 8. Let i = -20 + 10. Let n = i - -16. Determine p(n).
-2
Let w(u) be the third derivative of u**7/2520 + u**5/20 - 3*u**2. Let j(i) be the third derivative of w(i). What is j(-2)?
-4
Let v(f) = -f**2 + f + 6. Let d(c) = 10*c**3 - c**2 - 4*c. Let y(t) = -7*t**3 + t**2 + 3*t. Let i(z) = 5*d(z) + 7*y(z). Let p be i(-1). Determine v(p).
6
Let d(n) = -3 + 27*n**2 - 4*n - 26*n**2 + 7*n. Calculate d(-4).
1
Suppose 5*n + 0 = 4*l - 2, 3*n - 6 = 0. Let a(j) = 6*j - 2*j + 2*j**2 - 5 + 4 + j**l - 2*j**3. Give a(3).
2
Let s(f) = -2*f + f**2 + 5 - 2*f - 2. Calculate s(3).
0
Let w be (-2)/(-1*2) + -2. Let s = -4 - w. Let c(t) = t**2. Let j(n) = -n**2 + n - 4. Let l(x) = -2*c(x) - j(x). Give l(s).
-2
Let o be (-12)/9*6/(-4). Let x(c) = 4*c**2 + c + 1. Let q(r) = -3*r**2 - 1. Let w(b) = 3*q(b) + 2*x(b). Determine w(o).
-1
Let i be (-38)/(-4) - (-6)/(-12). Suppose 0 = 3*t + i. Let f(s) = 4*s**3 - 4*s**2 - 4*s + 7. Let v(a) = a**3 + a + 1. Let x(z) = t*v(z) + f(z). Give x(5).
-6
Let t(r) = -r**2 + 2*r - 5. Let f be t(2). Let c(m) = 4*m + 4. Determine c(f).
-16
Let n(k) = k**3 + k**2 + k - 2. Let y be -3*1 + 9 + -8. Determine n(y).
-8
Let c(t) = -2*t + 4. Suppose 0 = 4*j + j - 20. Calculate c(j).
-4
Let o = 2 + 2. Let s(p) = 5*p**2 - p**3 - p - o*p**2 + 3 - 1. Suppose 3*n + 2*g + 4 = 0, g = -5*n + 3*n - 2. Determine s(n).
2
Suppose -2*w - 3*b + 7 = 0, 2*b - 5*b = 3*w - 3. Let u(r) = 2*r. What is u(w)?
-8
Let z = 7 + -4. Let m = z + -5. Let s be (1 + 3)*m/(-8). Let k(d) = d**2 + 1. Give k(s).
2
Let p(g) = 5*g + 7. Let x(f) = f**2 - 15*f - 24. Let a be x(16). Determine p(a).
-33
Let p(s) = 3*s + 13. Let q = -3 + -2. Let b(k) = 2*k + 7. Let x(z) = q*b(z) + 3*p(z). Let u(c) = -10*c - 120. Let w be u(-12). Calculate x(w).
4
Let m(j) = j**3 + 8*j**2 + 9*j + 8. Let o(b) = b**3 + 13*b**2 + 13*b + 5. Let l be o(-12). What is m(l)?
-6
Let r(t) = t - 1. Let a(h) = h**2 - h. Let l be a(1). Calculate r(l).
-1
Let m(v) = -4*v + 1. Suppose 0 = 4*w - 5*d - 13, 5*w - 15 = 2*d + 3*d. Suppose 2*b = -5*p - 9 + 2, -w*b = -4*p - 20. Give m(b).
-15
Suppose 2*o = -3*j + 5*o - 3, j = 4*o - 10. Let r(x) = -2*x + 2. Let v be r(-2). Let y(n) = -1 + n - v + 5. Determine y(j).
0
Let m(a) be the second derivative of -a**6/720 - a**5/40 + 5*a**4/12 - 2*a. Let n(q) be the third derivative of m(q). Determine n(-3).
0
Let x(n) be the second derivative of n**5/20 + n**4/12 - 5*n**3/6 - n**2 - 44*n. Suppose 4*l + 6 = -6. What is x(l)?
-5
Let a(p) = -4*p - 1 - p**2 + 0 - 5 + 3. Suppose 0 = -2*k + 3*g + 8, 0 = k + 2*k + 3*g + 18. What is a(k)?
1
Let y(u) = -5*u**3 - 5*u**2 + 4*u - 4. Let b(g) = -14*g**3 - 15*g**2 + 12*g - 11. Let o(d) = -6*b(d) + 17*y(d). Let w be (-2)/9 + (-76)/(-18). What is o(w)?
-2
Suppose u - 17 = 2*u + 5*o, 4*u - 2*o = 20. Let z(x) be the second derivative of x**2 - x + 0 - 1/6*x**u. Determine z(-5).
7
Let t = -12 + 17. Let l(w) = -17*w + 4*w + 4 + 4*w + 8*w. Give l(t).
-1
Let s(u) be the second derivative of -u**5/60 - u**4/6 - 5*u**3/6 + 5*u**2/2 + 2*u. Let r(t) be the first derivative of s(t). What is r(-5)?
-10
Let c(u) = u - 7. Let m(g) = 2*g - g + 0*g + 6. Let b be m(-6). Give c(b).
-7
Let a(p) = -p**3 - 7*p**2 + 6*p - 11. Let u be a(-8). Let i(g) = -g**2 + 1. Give i(u).
-24
Let s(d) = -d**2. Let f(k) = -3*k**2 + 9*k - 7. Let u(h) = f(h) - 2*s(h). Let c = -7 - -15. Let a be u(c). Let x(b) = -2*b**3 - b**2 + b. What is x(a)?
-2
Suppose 9*o - 4*o - 50 = 0. Let v be (-10)/30 - o/6. Let i(w) = -w**2 - w - 1. Give i(v).
-3
Let x(o) be the third derivative of 1/15*o**5 + 1/120*o**6 - 10*o**2 - 1/3*o**3 + 1/24*o**4 + 0*o + 0. What is x(-4)?
-6
Suppose -11*d - 35 = -6*d. Let w(f) = -3*f**3 + 9*f**2 - 4*f - 11. Let u(s) = 5*s**3 - 17*s**2 + 7*s + 21. Let h(x) = d*w(x) - 4*u(x). Give h(-5).
-7
Let n(w) be the third derivative of -w**4/24 - w**3/2 + 2*w**2. Let v be n(-6). Let f(k) = 7*k + 2 + 0*k - 3 - 8*k. Give f(v).
-4
Suppose -h + 15 = -2*t, 30 = -2*t + 3*h - 7*h. Let a = t - -4. Let r be 0 + 1 - (4 + a). Let p(s) = -2*s + 3. What is p(r)?
-1
Let g be (-6)/(-2) + (-4)/4. Let a(h) = -h - 2. Let o(b) = -4*b - 7. Let w(z) = z**2 + 4*z - 2. Let q be w(-4). Let l(c) = q*o(c) + 7*a(c). Calculate l(g).
2
Let j(o) = 35*o + 6*o - 26*o + 1 + 0. What is j(1)?
16
Let l(p) = p**2 - 7*p + 7. Let r = 7 + -2. Calculate l(r).
-3
Suppose -2 = 2*y - 3*p, 2*p + 0 = -2*y - 2. Let k(b) be the third derivative of b**4/24 + b**3/3 + 2*b**2. What is k(y)?
1
Let t(o) = 4*o + 5 + 0 + 4. Let w(z) = -z - 1. Let f(g) = -t(g) - 5*w(g). Give f(-3).
-7
Let v(p) = -p. Let y(t) = -8*t + 2. Let n(z) = 18*v(z) -